{"id":3128,"date":"2026-05-17T03:13:49","date_gmt":"2026-05-17T01:13:49","guid":{"rendered":"https:\/\/www.denisbourgeois.com\/?page_id=3128"},"modified":"2026-05-17T03:30:43","modified_gmt":"2026-05-17T01:30:43","slug":"commercial_groupe-tremblay","status":"publish","type":"page","link":"https:\/\/www.denisbourgeois.com\/?page_id=3128","title":{"rendered":"Commercial_Groupe_Tremblay"},"content":{"rendered":"<p>[et_pb_section fb_built=\u00a0\u00bb1&Prime; _builder_version=\u00a0\u00bb4.27.6&Prime; _module_preset=\u00a0\u00bbdefault\u00a0\u00bb custom_margin=\u00a0\u00bb100px||||false|false\u00a0\u00bb custom_padding=\u00a0\u00bb||125px|||\u00a0\u00bb global_colors_info=\u00a0\u00bb{}\u00a0\u00bb][et_pb_row use_custom_gutter=\u00a0\u00bbon\u00a0\u00bb gutter_width=\u00a0\u00bb1&Prime; _builder_version=\u00a0\u00bb4.27.6&Prime; _module_preset=\u00a0\u00bbdefault\u00a0\u00bb custom_padding=\u00a0\u00bb0px||0px||true|false\u00a0\u00bb global_colors_info=\u00a0\u00bb{}\u00a0\u00bb][et_pb_column type=\u00a0\u00bb4_4&Prime; _builder_version=\u00a0\u00bb4.27.6&Prime; _module_preset=\u00a0\u00bbdefault\u00a0\u00bb global_colors_info=\u00a0\u00bb{}\u00a0\u00bb][et_pb_text _builder_version=\u00a0\u00bb4.27.6&Prime; _module_preset=\u00a0\u00bbdefault\u00a0\u00bb text_font_size=\u00a0\u00bb16px\u00a0\u00bb header_text_align=\u00a0\u00bbcenter\u00a0\u00bb header_6_font=\u00a0\u00bbKarla|600|||||||\u00a0\u00bb header_6_font_size=\u00a0\u00bb17px\u00a0\u00bb custom_margin=\u00a0\u00bb-1px||30px||false|false\u00a0\u00bb global_colors_info=\u00a0\u00bb{}\u00a0\u00bb]<\/p>\n<h1 style=\"text-align: center;\">Groupe Tremblay<\/h1>\n<h6 style=\"text-align: center;\">R\u00e9novation d\u2019\u00e9difice commercial en bureaux<\/h6>\n<p>[\/et_pb_text][et_pb_text _builder_version=\u00a0\u00bb4.27.6&Prime; _module_preset=\u00a0\u00bbdefault\u00a0\u00bb text_font=\u00a0\u00bbKarla|300|||||||\u00a0\u00bb text_font_size=\u00a0\u00bb16px\u00a0\u00bb text_orientation=\u00a0\u00bbleft\u00a0\u00bb custom_margin=\u00a0\u00bb-1px||60px|||\u00a0\u00bb global_colors_info=\u00a0\u00bb{}\u00a0\u00bb]<\/p>\n<p style=\"text-align: left;\">Transformation d\u2019un \u00e9difice commercial en espaces de bureaux, destin\u00e9s \u00e0 accueillir une cinquantaine d\u2019employ\u00e9s sur 2 \u00e9tages. Le mandat consistait \u00e0 concevoir le design des bureaux administratifs et ex\u00e9cutifs, des aires communes et collaboratives, des salles de conf\u00e9rence, salles de bain, ainsi que la caf\u00e9t\u00e9ria.<\/p>\n<p>Une analyse approfondie des besoins a permis de comprendre les r\u00e9alit\u00e9s propres \u00e0 chaque sp\u00e9cialit\u00e9, afin de structurer des espaces \u00e0 la fois fonctionnels, efficaces et adapt\u00e9s aux modes de travail. Le concept d\u00e9velopp\u00e9 visait \u00e0 traduire fid\u00e8lement la vision et l\u2019image de l\u2019entreprise, tout en assurant une coh\u00e9rence globale dans les lieux de travail. Le projet a \u00e9t\u00e9 pens\u00e9 pour allier performance et qualit\u00e9 des espaces, en favorisant une organisation optimale des lieux, o\u00f9 efficacit\u00e9 op\u00e9rationnelle et esth\u00e9tisme cohabitent parfaitement. De l\u2019analyse \u00e0 la conception, jusqu\u2019\u00e0 la planification et la r\u00e9alisation, chaque \u00e9tape a \u00e9t\u00e9 men\u00e9e avec une approche rigoureuse et strat\u00e9gique.<\/p>\n<p><em>Photos EGP M\u00e9dia<\/em><\/p>\n<p>[\/et_pb_text][et_pb_gallery gallery_ids=\u00a0\u00bb2909,3141,3142,3143,3144,3145,3146,3147,3148&Prime; posts_number=\u00a0\u00bb20&Prime; show_title_and_caption=\u00a0\u00bboff\u00a0\u00bb show_pagination=\u00a0\u00bboff\u00a0\u00bb zoom_icon_color=\u00a0\u00bb#cda349&Prime; hover_overlay_color=\u00a0\u00bbrgba(0,0,0,0.35)\u00a0\u00bb hover_icon=\u00a0\u00bb&#x54;||divi||400&Prime; _builder_version=\u00a0\u00bb4.27.6&Prime; _module_preset=\u00a0\u00bbdefault\u00a0\u00bb custom_padding=\u00a0\u00bb||28px|||\u00a0\u00bb hover_enabled=\u00a0\u00bb0&Prime; border_width_all=\u00a0\u00bb1px\u00a0\u00bb border_color_all=\u00a0\u00bb#FFFFFF\u00a0\u00bb global_colors_info=\u00a0\u00bb{}\u00a0\u00bb sticky_enabled=\u00a0\u00bb0&Prime;][\/et_pb_gallery][\/et_pb_column][\/et_pb_row][\/et_pb_section]<\/p>\n","protected":false},"excerpt":{"rendered":"<p>Groupe Tremblay R\u00e9novation d\u2019\u00e9difice commercial en bureauxTransformation d\u2019un \u00e9difice commercial en espaces de bureaux, destin\u00e9s \u00e0 accueillir une cinquantaine d\u2019employ\u00e9s sur 2 \u00e9tages. Le mandat consistait \u00e0 concevoir le design des bureaux administratifs et ex\u00e9cutifs, des aires communes et collaboratives, des salles de conf\u00e9rence, salles de bain, ainsi que la caf\u00e9t\u00e9ria. Une analyse approfondie des [&hellip;]<\/p>\n","protected":false},"author":1,"featured_media":0,"parent":0,"menu_order":0,"comment_status":"closed","ping_status":"closed","template":"","meta":{"_et_pb_use_builder":"on","_et_pb_old_content":"","_et_gb_content_width":"","inline_featured_image":false,"footnotes":""},"class_list":["post-3128","page","type-page","status-publish","hentry"],"_links":{"self":[{"href":"https:\/\/www.denisbourgeois.com\/index.php?rest_route=\/wp\/v2\/pages\/3128","targetHints":{"allow":["GET"]}}],"collection":[{"href":"https:\/\/www.denisbourgeois.com\/index.php?rest_route=\/wp\/v2\/pages"}],"about":[{"href":"https:\/\/www.denisbourgeois.com\/index.php?rest_route=\/wp\/v2\/types\/page"}],"author":[{"embeddable":true,"href":"https:\/\/www.denisbourgeois.com\/index.php?rest_route=\/wp\/v2\/users\/1"}],"replies":[{"embeddable":true,"href":"https:\/\/www.denisbourgeois.com\/index.php?rest_route=%2Fwp%2Fv2%2Fcomments&post=3128"}],"version-history":[{"count":10,"href":"https:\/\/www.denisbourgeois.com\/index.php?rest_route=\/wp\/v2\/pages\/3128\/revisions"}],"predecessor-version":[{"id":3155,"href":"https:\/\/www.denisbourgeois.com\/index.php?rest_route=\/wp\/v2\/pages\/3128\/revisions\/3155"}],"wp:attachment":[{"href":"https:\/\/www.denisbourgeois.com\/index.php?rest_route=%2Fwp%2Fv2%2Fmedia&parent=3128"}],"curies":[{"name":"wp","href":"https:\/\/api.w.org\/{rel}","templated":true}]}}