{"id":2928,"date":"2026-05-14T02:16:15","date_gmt":"2026-05-14T00:16:15","guid":{"rendered":"https:\/\/www.denisbourgeois.com\/?page_id=2928"},"modified":"2026-05-14T02:39:29","modified_gmt":"2026-05-14T00:39:29","slug":"residentiel_brossard","status":"publish","type":"page","link":"https:\/\/www.denisbourgeois.com\/?page_id=2928","title":{"rendered":"R\u00e9sidentiel_Brossard"},"content":{"rendered":"<p>[et_pb_section fb_built=\u00a0\u00bb1&Prime; custom_padding_last_edited=\u00a0\u00bbon|desktop\u00a0\u00bb _builder_version=\u00a0\u00bb4.27.6&Prime; _module_preset=\u00a0\u00bbdefault\u00a0\u00bb custom_margin=\u00a0\u00bb100px||0px||false|false\u00a0\u00bb custom_padding=\u00a0\u00bb100px||125px|||\u00a0\u00bb custom_padding_tablet=\u00a0\u00bb100px||125px|||\u00a0\u00bb custom_padding_phone=\u00a0\u00bb100px||125px|||\u00a0\u00bb global_colors_info=\u00a0\u00bb{}\u00a0\u00bb][et_pb_row use_custom_gutter=\u00a0\u00bbon\u00a0\u00bb gutter_width=\u00a0\u00bb1&Prime; _builder_version=\u00a0\u00bb4.27.6&Prime; _module_preset=\u00a0\u00bbdefault\u00a0\u00bb custom_padding=\u00a0\u00bb0px||0px||true|false\u00a0\u00bb global_colors_info=\u00a0\u00bb{}\u00a0\u00bb][et_pb_column type=\u00a0\u00bb4_4&Prime; _builder_version=\u00a0\u00bb4.27.6&Prime; _module_preset=\u00a0\u00bbdefault\u00a0\u00bb global_colors_info=\u00a0\u00bb{}\u00a0\u00bb][et_pb_text _builder_version=\u00a0\u00bb4.27.6&Prime; _module_preset=\u00a0\u00bbdefault\u00a0\u00bb text_font_size=\u00a0\u00bb16px\u00a0\u00bb header_text_align=\u00a0\u00bbcenter\u00a0\u00bb header_6_font=\u00a0\u00bbKarla|600|||||||\u00a0\u00bb header_6_font_size=\u00a0\u00bb17px\u00a0\u00bb custom_margin=\u00a0\u00bb-1px||30px||false|false\u00a0\u00bb global_colors_info=\u00a0\u00bb{}\u00a0\u00bb]<\/p>\n<h1 style=\"text-align: center;\">Brossard<\/h1>\n<h6 style=\"text-align: center;\">Am\u00e9nagement de condo neuf<\/h6>\n<p>[\/et_pb_text][et_pb_text _builder_version=\u00a0\u00bb4.27.6&Prime; _module_preset=\u00a0\u00bbdefault\u00a0\u00bb text_font=\u00a0\u00bbKarla|300|||||||\u00a0\u00bb text_font_size=\u00a0\u00bb16px\u00a0\u00bb text_orientation=\u00a0\u00bbleft\u00a0\u00bb custom_margin=\u00a0\u00bb-1px||60px|||\u00a0\u00bb global_colors_info=\u00a0\u00bb{}\u00a0\u00bb]<\/p>\n<p style=\"text-align: left;\">Analyse et proposition d\u2019un plan d\u2019am\u00e9nagement int\u00e9rieur d\u2019un grand condo neuf, achet\u00e9 sur plans. Le mandat consistait \u00e0 d\u00e9velopper une vision globale de l\u2019espace, incluant la cuisine, la salle \u00e0 manger, lesalon, le cellier, les chambres, les salles de bain, le bureau et walk-in.<\/p>\n<p>Le projet a couvert l\u2019ensemble du processus : de l\u2019accompagnement du client avec le constructeur, de l\u2019optimisation de l\u2019am\u00e9nagement \u00e0 la s\u00e9lection des mat\u00e9riaux et du mobilier, afin de cr\u00e9er un environnement coh\u00e9rent et parfaitement adapt\u00e9 au mode de vie de nos clients. <br \/>La d\u00e9marche visait \u00e0 conserver une esth\u00e9tique urbaine affirm\u00e9e, empreinte de modernit\u00e9 et de singularit\u00e9, en mettant en valeur le caract\u00e8re brut <br \/>du b\u00e9ton ainsi que l\u2019ossature existante du b\u00e2timent, devenus des \u00e9l\u00e9ments cl\u00e9s du concept.<\/p>\n<p><em>Photos EGP M\u00e9dia<\/em><\/p>\n<p>[\/et_pb_text][et_pb_gallery gallery_ids=\u00a0\u00bb2938,2939,2940,2941,2942,2943,2944,2945&Prime; posts_number=\u00a0\u00bb20&Prime; show_title_and_caption=\u00a0\u00bboff\u00a0\u00bb show_pagination=\u00a0\u00bboff\u00a0\u00bb zoom_icon_color=\u00a0\u00bb#cda349&Prime; hover_overlay_color=\u00a0\u00bbrgba(0,0,0,0.35)\u00a0\u00bb _builder_version=\u00a0\u00bb4.27.6&Prime; _module_preset=\u00a0\u00bbdefault\u00a0\u00bb custom_padding=\u00a0\u00bb||28px|||\u00a0\u00bb border_width_all=\u00a0\u00bb1px\u00a0\u00bb border_color_all=\u00a0\u00bb#FFFFFF\u00a0\u00bb global_colors_info=\u00a0\u00bb{}\u00a0\u00bb][\/et_pb_gallery][\/et_pb_column][\/et_pb_row][\/et_pb_section]<\/p>\n","protected":false},"excerpt":{"rendered":"<p>Brossard Am\u00e9nagement de condo neufAnalyse et proposition d\u2019un plan d\u2019am\u00e9nagement int\u00e9rieur d\u2019un grand condo neuf, achet\u00e9 sur plans. Le mandat consistait \u00e0 d\u00e9velopper une vision globale de l\u2019espace, incluant la cuisine, la salle \u00e0 manger, lesalon, le cellier, les chambres, les salles de bain, le bureau et walk-in. Le projet a couvert l\u2019ensemble du processus [&hellip;]<\/p>\n","protected":false},"author":1,"featured_media":0,"parent":0,"menu_order":0,"comment_status":"closed","ping_status":"closed","template":"","meta":{"_et_pb_use_builder":"on","_et_pb_old_content":"","_et_gb_content_width":"","inline_featured_image":false,"footnotes":""},"class_list":["post-2928","page","type-page","status-publish","hentry"],"_links":{"self":[{"href":"https:\/\/www.denisbourgeois.com\/index.php?rest_route=\/wp\/v2\/pages\/2928","targetHints":{"allow":["GET"]}}],"collection":[{"href":"https:\/\/www.denisbourgeois.com\/index.php?rest_route=\/wp\/v2\/pages"}],"about":[{"href":"https:\/\/www.denisbourgeois.com\/index.php?rest_route=\/wp\/v2\/types\/page"}],"author":[{"embeddable":true,"href":"https:\/\/www.denisbourgeois.com\/index.php?rest_route=\/wp\/v2\/users\/1"}],"replies":[{"embeddable":true,"href":"https:\/\/www.denisbourgeois.com\/index.php?rest_route=%2Fwp%2Fv2%2Fcomments&post=2928"}],"version-history":[{"count":8,"href":"https:\/\/www.denisbourgeois.com\/index.php?rest_route=\/wp\/v2\/pages\/2928\/revisions"}],"predecessor-version":[{"id":2973,"href":"https:\/\/www.denisbourgeois.com\/index.php?rest_route=\/wp\/v2\/pages\/2928\/revisions\/2973"}],"wp:attachment":[{"href":"https:\/\/www.denisbourgeois.com\/index.php?rest_route=%2Fwp%2Fv2%2Fmedia&parent=2928"}],"curies":[{"name":"wp","href":"https:\/\/api.w.org\/{rel}","templated":true}]}}